{"id":1962,"date":"2025-01-27T10:03:12","date_gmt":"2025-01-27T09:03:12","guid":{"rendered":"https:\/\/www.legacoopestense.coop\/memoriedalpopolo\/?page_id=1962"},"modified":"2025-01-27T10:11:47","modified_gmt":"2025-01-27T09:11:47","slug":"guerra-occupazione-nazifascista-e-resistenza","status":"publish","type":"page","link":"https:\/\/www.legacoopestense.coop\/memoriedalpopolo\/timeline\/guerra-occupazione-nazifascista-e-resistenza\/","title":{"rendered":"Guerra, occupazione nazifascista e Resistenza"},"content":{"rendered":"\n<p>L&#8217;entrata in guerra dell&#8217;Italia, nonostante la propaganda, non fa che peggiorare le condizioni materiali e sociali della popolazione. Tuttavia, \u00e8 soprattutto dopo la caduta del Fascismo, il 25 luglio 1943, che la guerra entra letteralmente nelle case e produce le devastazioni peggiori. Gi\u00e0 all&#8217;indomani della destituzione di Mussolini, Hitler d\u00e0 l&#8217;avvio all&#8217;operazione \u201cAlarico\u201d, ovvero l&#8217;invasione da parte dell&#8217;esercito tedesco e dei reparti delle SS e delle SA del territorio italiano con l&#8217;intenzione di occuparne le strutture produttive e sfruttarne la manodopera e le risorse disponibili. Al contempo, gli Alleati risalgono la penisola partendo dalla Sicilia e liberando, con il concorso della Resistenza, le regioni meridionali e centrali per poi fermarsi, nell&#8217;autunno del 1944, nella valle del Santerno a est (dopo aver liberato Rimini e Forl\u00ec) e in prossimit\u00e0 della Linea Gotica a ovest. Fino all&#8217;aprile 1945 sono lunghi mesi di stallo, durante i quali l&#8217;Emilia Romagna e tutto il nord Italia subiscono i bombardamenti alleati e soprattutto la feroce opera di repressione antipartigiana, le requisizioni, i rastrellamenti e le uccisioni perpetrate delle forze naziste con la fattiva collaborazione fascista degli aderenti alla Repubblica di Sal\u00f2.<\/p>\n\n\n\n<p><br>Nel territorio della provincia di Ferrara \u00e8 nella zona dell&#8217;argentano e nelle Valli di Comacchio che la guerra e la lotta partigiana si rivelano particolarmente dure. Qui la Resistenza deve fare i conti anzitutto con un ambiente naturale molto esposto, privo di protezioni come invece pu\u00f2 essere quello della montagna e della Linea Gotica. Qui i tedeschi presidiano e rafforzano una delle linee pi\u00f9 solide, la Linea Gengis Khan, che unisce la valli di Comacchio a Bologna passando per Argenta e le valli dell&#8217;Idice, del Santerno e del Senio. Qui, ancora, tra Argenta e la Romagna si crea quella che gli storici chiamano \u201cla Stretta di Argenta\u201d, una sorta di collo di bottiglia che per gli Alleati \u00e8 necessario sfondare per poter proseguire verso Ferrara e verso nord. In questa situazione si rivela essenziale, per il movimento partigiano, la collaborazione (o almeno il tacito consenso) della popolazione sia per<br>l&#8217;approvvigionamento di vestiario e di cibo sia per la protezione della clandestinit\u00e0 e delle informazioni utili sul piano militare. La diffusa rete di piccoli nuclei combattenti, i SAP (Squadra d&#8217;Azione Patriottica), adatti ad un territorio cos\u00ec esposto, pu\u00f2 dunque contare sulla profondit\u00e0 e sull&#8217;unit\u00e0 con cui la popolazione delle campagne, braccianti e contadini, aderiscono alla causa antifascista. Adesione che ha radici lontane, nella forza con cui in queste zone al confine con la Romagna si era diffuso capillarmente il modello cooperativo. Ed \u00e8 proprio il Collettivo di Filo d&#8217;Argenta che nel 1944 gioca un ruolo essenziale nella Resistenza in questi territori.<\/p>\n\n\n\n<p>Sin dall&#8217;aprile 1944 nelle valli di Campotto viene costituita una base per il rifornimento per partigiani e soldati fuoriusciti, coordinata dalla Brigata 35\/bis \u201cM.Babini\u201d, che oltre al rifornimento si occupa anche di coordinamento delle operazioni militari e delle cure mediche ai partigiani feriti e alla popolazione civile. Nell&#8217;estate del 1944 il C.L.N. (Comitato di Liberazione Nazionale) di Ravenna d\u00e0 indicazione di prepararsi alla semina di ogni terreno utilizzabile: nel momento in cui gli Alleati romperanno le linee nemiche e i tedeschi inizieranno la ritirata servir\u00e0 una quantit\u00e0 di cibo superiore, anche per scongiurare il rischio di una carestia per la popolazione locale. Bisogna<br>dunque seminare il pi\u00f9 possibile, in particolare grano e barbabietole, e sottrarre quanto pi\u00f9 raccolto possibile alle<br>requisizioni tedesche. Bruno Natali, elemento di collegamento tra il CLN di Ravenna e Filo d\u2019Argenta, organizza la<br>raccolta dei semi, andando casa per casa dai proprietari e dai fattori che ne possiedono. Viene coinvolta persino la grande propriet\u00e0 della \u201cLodigiana\u201d che acconsente all\u2019utilizzo della parte coltivabile delle sue terre, con cessione alla propriet\u00e0 del 10% del raccolto. Anche il comando tedesco acconsente, probabilmente ignaro almeno in parte del reale motivo di una tale azione.<\/p>\n\n\n\n<p>Comune quindi \u00e8 la raccolta dei semi, in comune viene messa dai vari partecipanti la terra (anzich\u00e9 rimanere<br>vincolata ai singoli che ne beneficiavano, nel collettivo ogni terreno reso disponibile dalla grande propriet\u00e0 e<br>assegnato ai compartecipanti viene di fatto riaggregato e lavorato democraticamente tutti inseme, in modo da<br>evitare che ad alcuni vengano assegnati lotti meno produttivi di altri, e garantendo cos\u00ec a tutti una produttivit\u00e0<br>media), in comune vengono messi gli attrezzi e infine il raccolto viene assegnato tra i vari lavoratori a seconda<br>dell\u2019oper prestata e delle necessit\u00e0. Cos\u00ec, nel momento di maggiore difficolt\u00e0 per la piccola comunit\u00e0 di Filo, nasce un collettivo di circa 1300 braccianti che dopo la primavera del 1945 continua a cresce, rimettendo in funzione la fornace e producendo i mattoni necessari alla ricostruzione. La stessa fornace ha anche uno scopo solidaristico, ovvero dare lavoro a coloro che non sono in grado di prestarsi al duro lavoro dei campi devastati dalle mine e dalle bombe o allagati dai tedeschi in ritirata.<\/p>\n","protected":false},"excerpt":{"rendered":"<p>L&#8217;entrata in guerra dell&#8217;Italia, nonostante la propaganda, non fa che peggiorare le condizioni materiali e sociali della popolazione. Tuttavia, \u00e8 soprattutto dopo la caduta del Fascismo, il 25 luglio 1943, che la guerra entra letteralmente nelle case e produce le devastazioni peggiori. Gi\u00e0 all&#8217;indomani della destituzione di Mussolini, Hitler d\u00e0 l&#8217;avvio all&#8217;operazione \u201cAlarico\u201d, ovvero l&#8217;invasione [&hellip;]<\/p>\n","protected":false},"author":2,"featured_media":0,"parent":1412,"menu_order":0,"comment_status":"closed","ping_status":"closed","template":"","meta":{"footnotes":""},"class_list":["post-1962","page","type-page","status-publish","hentry"],"yoast_head":"<!-- This site is optimized with the Yoast SEO plugin v27.1.1 - https:\/\/yoast.com\/product\/yoast-seo-wordpress\/ -->\n<title>Guerra, occupazione nazifascista e Resistenza - Memorie dal Popolo<\/title>\n<meta name=\"robots\" content=\"index, follow, max-snippet:-1, max-image-preview:large, max-video-preview:-1\" \/>\n<link rel=\"canonical\" href=\"https:\/\/www.legacoopestense.coop\/memoriedalpopolo\/timeline\/guerra-occupazione-nazifascista-e-resistenza\/\" \/>\n<meta property=\"og:locale\" content=\"it_IT\" \/>\n<meta property=\"og:type\" content=\"article\" \/>\n<meta property=\"og:title\" content=\"Guerra, occupazione nazifascista e Resistenza - Memorie dal Popolo\" \/>\n<meta property=\"og:description\" content=\"L&#8217;entrata in guerra dell&#8217;Italia, nonostante la propaganda, non fa che peggiorare le condizioni materiali e sociali della popolazione. Tuttavia, \u00e8 soprattutto dopo la caduta del Fascismo, il 25 luglio 1943, che la guerra entra letteralmente nelle case e produce le devastazioni peggiori. Gi\u00e0 all&#8217;indomani della destituzione di Mussolini, Hitler d\u00e0 l&#8217;avvio all&#8217;operazione \u201cAlarico\u201d, ovvero l&#8217;invasione [&hellip;]\" \/>\n<meta property=\"og:url\" content=\"https:\/\/www.legacoopestense.coop\/memoriedalpopolo\/timeline\/guerra-occupazione-nazifascista-e-resistenza\/\" \/>\n<meta property=\"og:site_name\" content=\"Memorie dal Popolo\" \/>\n<meta property=\"article:modified_time\" content=\"2025-01-27T09:11:47+00:00\" \/>\n<meta name=\"twitter:card\" content=\"summary_large_image\" \/>\n<meta name=\"twitter:label1\" content=\"Tempo di lettura stimato\" \/>\n\t<meta name=\"twitter:data1\" content=\"5 minuti\" \/>\n<script type=\"application\/ld+json\" class=\"yoast-schema-graph\">{\"@context\":\"https:\/\/schema.org\",\"@graph\":[{\"@type\":\"WebPage\",\"@id\":\"https:\/\/www.legacoopestense.coop\/memoriedalpopolo\/timeline\/guerra-occupazione-nazifascista-e-resistenza\/\",\"url\":\"https:\/\/www.legacoopestense.coop\/memoriedalpopolo\/timeline\/guerra-occupazione-nazifascista-e-resistenza\/\",\"name\":\"Guerra, occupazione nazifascista e Resistenza - Memorie dal Popolo\",\"isPartOf\":{\"@id\":\"https:\/\/www.legacoopestense.coop\/memoriedalpopolo\/#website\"},\"datePublished\":\"2025-01-27T09:03:12+00:00\",\"dateModified\":\"2025-01-27T09:11:47+00:00\",\"breadcrumb\":{\"@id\":\"https:\/\/www.legacoopestense.coop\/memoriedalpopolo\/timeline\/guerra-occupazione-nazifascista-e-resistenza\/#breadcrumb\"},\"inLanguage\":\"it-IT\",\"potentialAction\":[{\"@type\":\"ReadAction\",\"target\":[\"https:\/\/www.legacoopestense.coop\/memoriedalpopolo\/timeline\/guerra-occupazione-nazifascista-e-resistenza\/\"]}]},{\"@type\":\"BreadcrumbList\",\"@id\":\"https:\/\/www.legacoopestense.coop\/memoriedalpopolo\/timeline\/guerra-occupazione-nazifascista-e-resistenza\/#breadcrumb\",\"itemListElement\":[{\"@type\":\"ListItem\",\"position\":1,\"name\":\"Timeline\",\"item\":\"https:\/\/www.legacoopestense.coop\/memoriedalpopolo\/timeline\/\"},{\"@type\":\"ListItem\",\"position\":2,\"name\":\"Guerra, occupazione nazifascista e Resistenza\"}]},{\"@type\":\"WebSite\",\"@id\":\"https:\/\/www.legacoopestense.coop\/memoriedalpopolo\/#website\",\"url\":\"https:\/\/www.legacoopestense.coop\/memoriedalpopolo\/\",\"name\":\"Memorie dal Popolo\",\"description\":\"Legacoop Estense\",\"publisher\":{\"@id\":\"https:\/\/www.legacoopestense.coop\/memoriedalpopolo\/#organization\"},\"potentialAction\":[{\"@type\":\"SearchAction\",\"target\":{\"@type\":\"EntryPoint\",\"urlTemplate\":\"https:\/\/www.legacoopestense.coop\/memoriedalpopolo\/?s={search_term_string}\"},\"query-input\":{\"@type\":\"PropertyValueSpecification\",\"valueRequired\":true,\"valueName\":\"search_term_string\"}}],\"inLanguage\":\"it-IT\"},{\"@type\":\"Organization\",\"@id\":\"https:\/\/www.legacoopestense.coop\/memoriedalpopolo\/#organization\",\"name\":\"Memorie dal Popolo\",\"url\":\"https:\/\/www.legacoopestense.coop\/memoriedalpopolo\/\",\"logo\":{\"@type\":\"ImageObject\",\"inLanguage\":\"it-IT\",\"@id\":\"https:\/\/www.legacoopestense.coop\/memoriedalpopolo\/#\/schema\/logo\/image\/\",\"url\":\"https:\/\/www.legacoopestense.coop\/memoriedalpopolo\/wp-content\/uploads\/2023\/11\/Legacoop-Estense-3.png\",\"contentUrl\":\"https:\/\/www.legacoopestense.coop\/memoriedalpopolo\/wp-content\/uploads\/2023\/11\/Legacoop-Estense-3.png\",\"width\":7467,\"height\":2291,\"caption\":\"Memorie dal Popolo\"},\"image\":{\"@id\":\"https:\/\/www.legacoopestense.coop\/memoriedalpopolo\/#\/schema\/logo\/image\/\"}}]}<\/script>\n<!-- \/ Yoast SEO plugin. -->","yoast_head_json":{"title":"Guerra, occupazione nazifascista e Resistenza - Memorie dal Popolo","robots":{"index":"index","follow":"follow","max-snippet":"max-snippet:-1","max-image-preview":"max-image-preview:large","max-video-preview":"max-video-preview:-1"},"canonical":"https:\/\/www.legacoopestense.coop\/memoriedalpopolo\/timeline\/guerra-occupazione-nazifascista-e-resistenza\/","og_locale":"it_IT","og_type":"article","og_title":"Guerra, occupazione nazifascista e Resistenza - Memorie dal Popolo","og_description":"L&#8217;entrata in guerra dell&#8217;Italia, nonostante la propaganda, non fa che peggiorare le condizioni materiali e sociali della popolazione. Tuttavia, \u00e8 soprattutto dopo la caduta del Fascismo, il 25 luglio 1943, che la guerra entra letteralmente nelle case e produce le devastazioni peggiori. Gi\u00e0 all&#8217;indomani della destituzione di Mussolini, Hitler d\u00e0 l&#8217;avvio all&#8217;operazione \u201cAlarico\u201d, ovvero l&#8217;invasione [&hellip;]","og_url":"https:\/\/www.legacoopestense.coop\/memoriedalpopolo\/timeline\/guerra-occupazione-nazifascista-e-resistenza\/","og_site_name":"Memorie dal Popolo","article_modified_time":"2025-01-27T09:11:47+00:00","twitter_card":"summary_large_image","twitter_misc":{"Tempo di lettura stimato":"5 minuti"},"schema":{"@context":"https:\/\/schema.org","@graph":[{"@type":"WebPage","@id":"https:\/\/www.legacoopestense.coop\/memoriedalpopolo\/timeline\/guerra-occupazione-nazifascista-e-resistenza\/","url":"https:\/\/www.legacoopestense.coop\/memoriedalpopolo\/timeline\/guerra-occupazione-nazifascista-e-resistenza\/","name":"Guerra, occupazione nazifascista e Resistenza - Memorie dal Popolo","isPartOf":{"@id":"https:\/\/www.legacoopestense.coop\/memoriedalpopolo\/#website"},"datePublished":"2025-01-27T09:03:12+00:00","dateModified":"2025-01-27T09:11:47+00:00","breadcrumb":{"@id":"https:\/\/www.legacoopestense.coop\/memoriedalpopolo\/timeline\/guerra-occupazione-nazifascista-e-resistenza\/#breadcrumb"},"inLanguage":"it-IT","potentialAction":[{"@type":"ReadAction","target":["https:\/\/www.legacoopestense.coop\/memoriedalpopolo\/timeline\/guerra-occupazione-nazifascista-e-resistenza\/"]}]},{"@type":"BreadcrumbList","@id":"https:\/\/www.legacoopestense.coop\/memoriedalpopolo\/timeline\/guerra-occupazione-nazifascista-e-resistenza\/#breadcrumb","itemListElement":[{"@type":"ListItem","position":1,"name":"Timeline","item":"https:\/\/www.legacoopestense.coop\/memoriedalpopolo\/timeline\/"},{"@type":"ListItem","position":2,"name":"Guerra, occupazione nazifascista e Resistenza"}]},{"@type":"WebSite","@id":"https:\/\/www.legacoopestense.coop\/memoriedalpopolo\/#website","url":"https:\/\/www.legacoopestense.coop\/memoriedalpopolo\/","name":"Memorie dal Popolo","description":"Legacoop Estense","publisher":{"@id":"https:\/\/www.legacoopestense.coop\/memoriedalpopolo\/#organization"},"potentialAction":[{"@type":"SearchAction","target":{"@type":"EntryPoint","urlTemplate":"https:\/\/www.legacoopestense.coop\/memoriedalpopolo\/?s={search_term_string}"},"query-input":{"@type":"PropertyValueSpecification","valueRequired":true,"valueName":"search_term_string"}}],"inLanguage":"it-IT"},{"@type":"Organization","@id":"https:\/\/www.legacoopestense.coop\/memoriedalpopolo\/#organization","name":"Memorie dal Popolo","url":"https:\/\/www.legacoopestense.coop\/memoriedalpopolo\/","logo":{"@type":"ImageObject","inLanguage":"it-IT","@id":"https:\/\/www.legacoopestense.coop\/memoriedalpopolo\/#\/schema\/logo\/image\/","url":"https:\/\/www.legacoopestense.coop\/memoriedalpopolo\/wp-content\/uploads\/2023\/11\/Legacoop-Estense-3.png","contentUrl":"https:\/\/www.legacoopestense.coop\/memoriedalpopolo\/wp-content\/uploads\/2023\/11\/Legacoop-Estense-3.png","width":7467,"height":2291,"caption":"Memorie dal Popolo"},"image":{"@id":"https:\/\/www.legacoopestense.coop\/memoriedalpopolo\/#\/schema\/logo\/image\/"}}]}},"_links":{"self":[{"href":"https:\/\/www.legacoopestense.coop\/memoriedalpopolo\/wp-json\/wp\/v2\/pages\/1962","targetHints":{"allow":["GET"]}}],"collection":[{"href":"https:\/\/www.legacoopestense.coop\/memoriedalpopolo\/wp-json\/wp\/v2\/pages"}],"about":[{"href":"https:\/\/www.legacoopestense.coop\/memoriedalpopolo\/wp-json\/wp\/v2\/types\/page"}],"author":[{"embeddable":true,"href":"https:\/\/www.legacoopestense.coop\/memoriedalpopolo\/wp-json\/wp\/v2\/users\/2"}],"replies":[{"embeddable":true,"href":"https:\/\/www.legacoopestense.coop\/memoriedalpopolo\/wp-json\/wp\/v2\/comments?post=1962"}],"version-history":[{"count":3,"href":"https:\/\/www.legacoopestense.coop\/memoriedalpopolo\/wp-json\/wp\/v2\/pages\/1962\/revisions"}],"predecessor-version":[{"id":1967,"href":"https:\/\/www.legacoopestense.coop\/memoriedalpopolo\/wp-json\/wp\/v2\/pages\/1962\/revisions\/1967"}],"up":[{"embeddable":true,"href":"https:\/\/www.legacoopestense.coop\/memoriedalpopolo\/wp-json\/wp\/v2\/pages\/1412"}],"wp:attachment":[{"href":"https:\/\/www.legacoopestense.coop\/memoriedalpopolo\/wp-json\/wp\/v2\/media?parent=1962"}],"curies":[{"name":"wp","href":"https:\/\/api.w.org\/{rel}","templated":true}]}}