{"id":1625,"date":"2025-01-13T12:37:36","date_gmt":"2025-01-13T11:37:36","guid":{"rendered":"https:\/\/www.legacoopestense.coop\/memoriedalpopolo\/?page_id=1625"},"modified":"2025-01-13T13:34:25","modified_gmt":"2025-01-13T12:34:25","slug":"laffermazione-dei-partiti-di-massa","status":"publish","type":"page","link":"https:\/\/www.legacoopestense.coop\/memoriedalpopolo\/timeline\/laffermazione-dei-partiti-di-massa\/","title":{"rendered":"L\u2019affermazione dei partiti di massa"},"content":{"rendered":"\n<p>Dopo tante promesse fatte dai governi guidati dai liberali Salandra, Boselli e Orlando, succedutisi nel quadriennio di guerra, ai soldati che resistettero per quattro anni nella tragedia senza precedenti che fu il primo conflitto bellico mondiale, caratterizzata da incapacit\u00e0 delle alte sfere militari, condizioni di vita drammatiche, determinate dalle scarsit\u00e0 alimentari e dalle mancanze tecniche ed addestrative, l\u2019unica concessione, certo fondamentale, che venne fatta a quei giovani, tornati a casa ammalati nel corpo, ma spesso anche nell\u2019anima, fu quella della concessione del suffragio elettorale maschile, senza pi\u00f9 limitazioni rilevanti.<\/p>\n\n\n\n<p><br>Con la legge n. 1695 del 16 dicembre 1918, promulgata dal governo del liberale Vittorio Emanuele Orlando, fu, quindi, ampliato l&#8217;elettorato, sempre esclusivamente maschile, a tutti i cittadini con et\u00e0 maggiore ai 21 anni o che avessero prestato il servizio nell&#8217;esercito mobilitato.<\/p>\n\n\n\n<p><br>Si trattava di un adeguamento, seppure limitato perch\u00e9 escludeva le donne che pure si erano rese protagoniste dello sforzo bellico assumendo ruoli di ogni genere e livello nella societ\u00e0 civile, al cambiamento di una realt\u00e0 che, gi\u00e0 dagli ultimi decenni dell\u2019Ottocento, si avviava a divenire di massa, composta cio\u00e8 da soggetti collettivi, le classi sociali, i popoli, i lavoratori e anche le donne che cominciavano a lottare per la propria indipendenza.<\/p>\n\n\n\n<p><br>I vecchi partiti, formati da gruppi elitari che rappresentavano \u00e9lite molto esigue che venivano eletti in parlamenti a suffragio ristretto sulla base del censo, non potevano pi\u00f9 rappresentare il nuovo modello di societ\u00e0 che stava nascendo. I partiti di massa, caratterizzati, invece, da una vasta base elettorale, da luoghi di incontro, le sezioni e le federazioni, dalla disciplina di partito e da una organizzazione dirigenziale che aveva il compito di elaborare le istanze provenienti dal basso, stavano prendendo sempre pi\u00f9 piede. In Italia, i partiti di massa fondamentalmente erano due, i socialisti e i popolari. E con questi si dovette confrontare il pi\u00f9 aristocratico e ristretto gruppo liberale.<\/p>\n\n\n\n<p><br>Le elezioni italiane del 16 novembre 1919 furono le prime a fare uso di un sistema proporzionale, questo aspetto, unito alla concessione del suffragio elettorale maschile che determin\u00f2 un importante ampliamento della base elettorale, sancirono per sempre la fine del monopolio liberale all\u2019interno del Parlamento. I risultati a favore del Partito socialista e di quello popolare furono eclatanti e il gruppo dirigente liberale fu messo drammaticamente di fronte alla fine di uno strapotere, determinato da un cambiamento sociale del quale pareva impossibile invertire la rotta.<\/p>\n\n\n\n<p><br>Se a livello nazionale la vittoria socialista e il risultato dei popolari fu rilevante, quello che accadde nel Ferrarese assunse le sembianze di una vittoria plebiscitaria. I socialisti, guidati da Gaetano Zirardini, che seppe catalizzare i proletari della provincia, seppur battuta nei seggi cittadini, in quasi tutti i centri rurali, ottennero una vittoria strabiliante Ancora pi\u00f9 forte il consenso nelle elezioni amministrative, quando la provincia estense si configur\u00f2 come \u201cla pi\u00f9 rossa\u201d d\u2019Italia.<\/p>\n\n\n\n<p><br>I gruppi dirigenti ferraresi, che sino a quel momento avevano retto la politica cittadina e provinciali, si trovarono di fronte a quello che solo qualche tempo prima pareva impossibile: in Municipio avrebbero preso posto, e in numero maggioritario, i rappresentanti del partito socialista e tra loro diversi esponenti del proletariato, fatto che per quella aristocrazia agraria rappresentava un vero e proprio sovvertimento di quella che loro consideravano quasi una sorta di legge divina: solo i ricchi borghesi e gli aristocratici potevano governare. Nell\u2019anno che aveva separato le due tornate elettorali gli agrari ferraresi e il loro capo Vico Mantovani, appoggiato da Giovanni Grosoli, esponente del cattolicesimo conservatore, che presto si sarebbe fatto reazionario, e potentissimo uomo della finanza cattolica e dell\u2019editoria, di fronte ad un avversario tanto numeroso cominciarono a lavorare quel cambiamento sociale che li terrorizzava.<\/p>\n","protected":false},"excerpt":{"rendered":"<p>Dopo tante promesse fatte dai governi guidati dai liberali Salandra, Boselli e Orlando, succedutisi nel quadriennio di guerra, ai soldati che resistettero per quattro anni nella tragedia senza precedenti che fu il primo conflitto bellico mondiale, caratterizzata da incapacit\u00e0 delle alte sfere militari, condizioni di vita drammatiche, determinate dalle scarsit\u00e0 alimentari e dalle mancanze tecniche [&hellip;]<\/p>\n","protected":false},"author":2,"featured_media":0,"parent":1412,"menu_order":0,"comment_status":"closed","ping_status":"closed","template":"","meta":{"footnotes":""},"class_list":["post-1625","page","type-page","status-publish","hentry"],"yoast_head":"<!-- This site is optimized with the Yoast SEO plugin v27.1.1 - https:\/\/yoast.com\/product\/yoast-seo-wordpress\/ -->\n<title>L\u2019affermazione dei partiti di massa - Memorie dal Popolo<\/title>\n<meta name=\"robots\" content=\"index, follow, max-snippet:-1, max-image-preview:large, max-video-preview:-1\" \/>\n<link rel=\"canonical\" href=\"https:\/\/www.legacoopestense.coop\/memoriedalpopolo\/timeline\/laffermazione-dei-partiti-di-massa\/\" \/>\n<meta property=\"og:locale\" content=\"it_IT\" \/>\n<meta property=\"og:type\" content=\"article\" \/>\n<meta property=\"og:title\" content=\"L\u2019affermazione dei partiti di massa - Memorie dal Popolo\" \/>\n<meta property=\"og:description\" content=\"Dopo tante promesse fatte dai governi guidati dai liberali Salandra, Boselli e Orlando, succedutisi nel quadriennio di guerra, ai soldati che resistettero per quattro anni nella tragedia senza precedenti che fu il primo conflitto bellico mondiale, caratterizzata da incapacit\u00e0 delle alte sfere militari, condizioni di vita drammatiche, determinate dalle scarsit\u00e0 alimentari e dalle mancanze tecniche [&hellip;]\" \/>\n<meta property=\"og:url\" content=\"https:\/\/www.legacoopestense.coop\/memoriedalpopolo\/timeline\/laffermazione-dei-partiti-di-massa\/\" \/>\n<meta property=\"og:site_name\" content=\"Memorie dal Popolo\" \/>\n<meta property=\"article:modified_time\" content=\"2025-01-13T12:34:25+00:00\" \/>\n<meta name=\"twitter:card\" content=\"summary_large_image\" \/>\n<meta name=\"twitter:label1\" content=\"Tempo di lettura stimato\" \/>\n\t<meta name=\"twitter:data1\" content=\"4 minuti\" \/>\n<script type=\"application\/ld+json\" class=\"yoast-schema-graph\">{\"@context\":\"https:\/\/schema.org\",\"@graph\":[{\"@type\":\"WebPage\",\"@id\":\"https:\/\/www.legacoopestense.coop\/memoriedalpopolo\/timeline\/laffermazione-dei-partiti-di-massa\/\",\"url\":\"https:\/\/www.legacoopestense.coop\/memoriedalpopolo\/timeline\/laffermazione-dei-partiti-di-massa\/\",\"name\":\"L\u2019affermazione dei partiti di massa - Memorie dal Popolo\",\"isPartOf\":{\"@id\":\"https:\/\/www.legacoopestense.coop\/memoriedalpopolo\/#website\"},\"datePublished\":\"2025-01-13T11:37:36+00:00\",\"dateModified\":\"2025-01-13T12:34:25+00:00\",\"breadcrumb\":{\"@id\":\"https:\/\/www.legacoopestense.coop\/memoriedalpopolo\/timeline\/laffermazione-dei-partiti-di-massa\/#breadcrumb\"},\"inLanguage\":\"it-IT\",\"potentialAction\":[{\"@type\":\"ReadAction\",\"target\":[\"https:\/\/www.legacoopestense.coop\/memoriedalpopolo\/timeline\/laffermazione-dei-partiti-di-massa\/\"]}]},{\"@type\":\"BreadcrumbList\",\"@id\":\"https:\/\/www.legacoopestense.coop\/memoriedalpopolo\/timeline\/laffermazione-dei-partiti-di-massa\/#breadcrumb\",\"itemListElement\":[{\"@type\":\"ListItem\",\"position\":1,\"name\":\"Timeline\",\"item\":\"https:\/\/www.legacoopestense.coop\/memoriedalpopolo\/timeline\/\"},{\"@type\":\"ListItem\",\"position\":2,\"name\":\"L\u2019affermazione dei partiti di massa\"}]},{\"@type\":\"WebSite\",\"@id\":\"https:\/\/www.legacoopestense.coop\/memoriedalpopolo\/#website\",\"url\":\"https:\/\/www.legacoopestense.coop\/memoriedalpopolo\/\",\"name\":\"Memorie dal Popolo\",\"description\":\"Legacoop Estense\",\"publisher\":{\"@id\":\"https:\/\/www.legacoopestense.coop\/memoriedalpopolo\/#organization\"},\"potentialAction\":[{\"@type\":\"SearchAction\",\"target\":{\"@type\":\"EntryPoint\",\"urlTemplate\":\"https:\/\/www.legacoopestense.coop\/memoriedalpopolo\/?s={search_term_string}\"},\"query-input\":{\"@type\":\"PropertyValueSpecification\",\"valueRequired\":true,\"valueName\":\"search_term_string\"}}],\"inLanguage\":\"it-IT\"},{\"@type\":\"Organization\",\"@id\":\"https:\/\/www.legacoopestense.coop\/memoriedalpopolo\/#organization\",\"name\":\"Memorie dal Popolo\",\"url\":\"https:\/\/www.legacoopestense.coop\/memoriedalpopolo\/\",\"logo\":{\"@type\":\"ImageObject\",\"inLanguage\":\"it-IT\",\"@id\":\"https:\/\/www.legacoopestense.coop\/memoriedalpopolo\/#\/schema\/logo\/image\/\",\"url\":\"https:\/\/www.legacoopestense.coop\/memoriedalpopolo\/wp-content\/uploads\/2023\/11\/Legacoop-Estense-3.png\",\"contentUrl\":\"https:\/\/www.legacoopestense.coop\/memoriedalpopolo\/wp-content\/uploads\/2023\/11\/Legacoop-Estense-3.png\",\"width\":7467,\"height\":2291,\"caption\":\"Memorie dal Popolo\"},\"image\":{\"@id\":\"https:\/\/www.legacoopestense.coop\/memoriedalpopolo\/#\/schema\/logo\/image\/\"}}]}<\/script>\n<!-- \/ Yoast SEO plugin. -->","yoast_head_json":{"title":"L\u2019affermazione dei partiti di massa - Memorie dal Popolo","robots":{"index":"index","follow":"follow","max-snippet":"max-snippet:-1","max-image-preview":"max-image-preview:large","max-video-preview":"max-video-preview:-1"},"canonical":"https:\/\/www.legacoopestense.coop\/memoriedalpopolo\/timeline\/laffermazione-dei-partiti-di-massa\/","og_locale":"it_IT","og_type":"article","og_title":"L\u2019affermazione dei partiti di massa - Memorie dal Popolo","og_description":"Dopo tante promesse fatte dai governi guidati dai liberali Salandra, Boselli e Orlando, succedutisi nel quadriennio di guerra, ai soldati che resistettero per quattro anni nella tragedia senza precedenti che fu il primo conflitto bellico mondiale, caratterizzata da incapacit\u00e0 delle alte sfere militari, condizioni di vita drammatiche, determinate dalle scarsit\u00e0 alimentari e dalle mancanze tecniche [&hellip;]","og_url":"https:\/\/www.legacoopestense.coop\/memoriedalpopolo\/timeline\/laffermazione-dei-partiti-di-massa\/","og_site_name":"Memorie dal Popolo","article_modified_time":"2025-01-13T12:34:25+00:00","twitter_card":"summary_large_image","twitter_misc":{"Tempo di lettura stimato":"4 minuti"},"schema":{"@context":"https:\/\/schema.org","@graph":[{"@type":"WebPage","@id":"https:\/\/www.legacoopestense.coop\/memoriedalpopolo\/timeline\/laffermazione-dei-partiti-di-massa\/","url":"https:\/\/www.legacoopestense.coop\/memoriedalpopolo\/timeline\/laffermazione-dei-partiti-di-massa\/","name":"L\u2019affermazione dei partiti di massa - Memorie dal Popolo","isPartOf":{"@id":"https:\/\/www.legacoopestense.coop\/memoriedalpopolo\/#website"},"datePublished":"2025-01-13T11:37:36+00:00","dateModified":"2025-01-13T12:34:25+00:00","breadcrumb":{"@id":"https:\/\/www.legacoopestense.coop\/memoriedalpopolo\/timeline\/laffermazione-dei-partiti-di-massa\/#breadcrumb"},"inLanguage":"it-IT","potentialAction":[{"@type":"ReadAction","target":["https:\/\/www.legacoopestense.coop\/memoriedalpopolo\/timeline\/laffermazione-dei-partiti-di-massa\/"]}]},{"@type":"BreadcrumbList","@id":"https:\/\/www.legacoopestense.coop\/memoriedalpopolo\/timeline\/laffermazione-dei-partiti-di-massa\/#breadcrumb","itemListElement":[{"@type":"ListItem","position":1,"name":"Timeline","item":"https:\/\/www.legacoopestense.coop\/memoriedalpopolo\/timeline\/"},{"@type":"ListItem","position":2,"name":"L\u2019affermazione dei partiti di massa"}]},{"@type":"WebSite","@id":"https:\/\/www.legacoopestense.coop\/memoriedalpopolo\/#website","url":"https:\/\/www.legacoopestense.coop\/memoriedalpopolo\/","name":"Memorie dal Popolo","description":"Legacoop Estense","publisher":{"@id":"https:\/\/www.legacoopestense.coop\/memoriedalpopolo\/#organization"},"potentialAction":[{"@type":"SearchAction","target":{"@type":"EntryPoint","urlTemplate":"https:\/\/www.legacoopestense.coop\/memoriedalpopolo\/?s={search_term_string}"},"query-input":{"@type":"PropertyValueSpecification","valueRequired":true,"valueName":"search_term_string"}}],"inLanguage":"it-IT"},{"@type":"Organization","@id":"https:\/\/www.legacoopestense.coop\/memoriedalpopolo\/#organization","name":"Memorie dal Popolo","url":"https:\/\/www.legacoopestense.coop\/memoriedalpopolo\/","logo":{"@type":"ImageObject","inLanguage":"it-IT","@id":"https:\/\/www.legacoopestense.coop\/memoriedalpopolo\/#\/schema\/logo\/image\/","url":"https:\/\/www.legacoopestense.coop\/memoriedalpopolo\/wp-content\/uploads\/2023\/11\/Legacoop-Estense-3.png","contentUrl":"https:\/\/www.legacoopestense.coop\/memoriedalpopolo\/wp-content\/uploads\/2023\/11\/Legacoop-Estense-3.png","width":7467,"height":2291,"caption":"Memorie dal Popolo"},"image":{"@id":"https:\/\/www.legacoopestense.coop\/memoriedalpopolo\/#\/schema\/logo\/image\/"}}]}},"_links":{"self":[{"href":"https:\/\/www.legacoopestense.coop\/memoriedalpopolo\/wp-json\/wp\/v2\/pages\/1625","targetHints":{"allow":["GET"]}}],"collection":[{"href":"https:\/\/www.legacoopestense.coop\/memoriedalpopolo\/wp-json\/wp\/v2\/pages"}],"about":[{"href":"https:\/\/www.legacoopestense.coop\/memoriedalpopolo\/wp-json\/wp\/v2\/types\/page"}],"author":[{"embeddable":true,"href":"https:\/\/www.legacoopestense.coop\/memoriedalpopolo\/wp-json\/wp\/v2\/users\/2"}],"replies":[{"embeddable":true,"href":"https:\/\/www.legacoopestense.coop\/memoriedalpopolo\/wp-json\/wp\/v2\/comments?post=1625"}],"version-history":[{"count":2,"href":"https:\/\/www.legacoopestense.coop\/memoriedalpopolo\/wp-json\/wp\/v2\/pages\/1625\/revisions"}],"predecessor-version":[{"id":1688,"href":"https:\/\/www.legacoopestense.coop\/memoriedalpopolo\/wp-json\/wp\/v2\/pages\/1625\/revisions\/1688"}],"up":[{"embeddable":true,"href":"https:\/\/www.legacoopestense.coop\/memoriedalpopolo\/wp-json\/wp\/v2\/pages\/1412"}],"wp:attachment":[{"href":"https:\/\/www.legacoopestense.coop\/memoriedalpopolo\/wp-json\/wp\/v2\/media?parent=1625"}],"curies":[{"name":"wp","href":"https:\/\/api.w.org\/{rel}","templated":true}]}}